the prime factors of t?
26479
Suppose 3*c + 693 = 4*m, 2*c - 4*m = 6*c + 952. Let s = 225 + -378. Let d = s - c. What are the prime factors of d?
2, 41
Let k = -184 - -348. List the prime factors of k.
2, 41
Suppose -705*m - 9618 = -719*m. List the prime factors of m.
3, 229
Suppose -3*v + 51885 = z, -86475 = -47*v + 42*v - z. List the prime factors of v.
3, 5, 1153
Suppose 0 = -2*r - 3*z + 5969, 2*r = -2*z - 1296 + 7270. List the prime factors of r.
2, 11, 17
Let w = -27502 - -38952. What are the prime factors of w?
2, 5, 229
Let d(y) be the second derivative of 5*y**4/6 - y**3/2 + 7*y**2 - 21*y. Let w be d(8). Let u = -439 + w. What are the prime factors of u?
191
Let p(a) be the third derivative of 1/10*a**5 - 3/8*a**4 - 5/2*a**3 + 0 + 1/120*a**6 + 16*a**2 + 0*a. List the prime factors of p(-6).
3, 13
Let w(k) = 20 - 6*k**3 + 550*k + 3*k**2 - k**2 - 549*k - 9*k**2. List the prime factors of w(-5).
2, 5, 59
What are the prime factors of 41980/(-2)*(-18)/36?
5, 2099
Suppose 35*q - 30*q - 65 = 0. Suppose -2*y - 5*b + 737 = 0, -11*y + 3*b = -q*y + 743. What are the prime factors of y?
2, 47
Let j(z) = 29*z + 397. Let o(r) = -15*r - 198. Let c(h) = -3*j(h) - 7*o(h). What are the prime factors of c(6)?
3, 101
Let q = -12108 + 17942. What are the prime factors of q?
2, 2917
Let m(t) = 19*t**2 + 140*t - 138. What are the prime factors of m(21)?
3, 3727
Suppose h - 37758 = -28*h. What are the prime factors of h?
2, 3, 7, 31
Let j(a) = -2*a**2 + 0*a**2 - 23*a + 55 - 40 + 2*a. Let p be j(-11). Suppose 106 = p*k + 2*l, -35 = -4*k + 4*l + 101. What are the prime factors of k?
29
Let i = 81 + -82. Let q be (-6)/(-2) - (i - 15)/4. Suppose 15*d = q*d + 1416. List the prime factors of d.
3, 59
Suppose -2*u - 76*h + 22012 = -79*h, 5*u - 5*h - 55015 = 0. List the prime factors of u.
7, 1571
Let w(z) = 3654*z**2 - 105*z - 404. List the prime factors of w(-4).
2, 5, 17, 43
List the prime factors of (62540/(-60))/(44/9 - 5).
3, 53, 59
Suppose 0 = 5*u - 436 - 264. Suppose 56*h = 53*h - 4*v - 87, -3*h - 69 = -2*v. Let b = h + u. What are the prime factors of b?
5, 23
Suppose 3*u - 2*g + 5*g = -150, 0 = 2*u + 5*g + 112. Let h be (-5)/(-40) + (-2748)/(-32). Let f = h - u. What are the prime factors of f?
2, 3, 11
Let k(y) = -y**3 - 5*y**2 - 5*y - 4. Let l be k(-3). Let m = l + 250. What are the prime factors of m?
3
Let g be (-1665)/2 + -5*(-7)/70. Let b = g - -1703. What are the prime factors of b?
13, 67
Suppose -3*a = -3*b + 57, -2*a = b - 4 - 0. Let x = -29 - -42. Suppose 60 = b*h - x*h. What are the prime factors of h?
2, 3, 5
Suppose 4*n - 200800 = 4*s, 3*s - 31652 = -3*n + 118948. List the prime factors of n.
2, 5, 251
Let g = 6546 + 3694. List the prime factors of g.
2, 5
Suppose -462 = -4*w + i, 8 = 3*i + 2. Let t = 45 - w. Let s = 121 + t. List the prime factors of s.
2, 5
Suppose -702*i + 681*i + 193536 = 0. List the prime factors of i.
2, 3
Let m = -33 + 35. Suppose 0 = 2*j - 5*l - 1187, m*j - 4*l = 4 + 1182. What are the prime factors of j?
3, 197
Suppose 5*q - 15 = 0, 37 = 4*y + 4*q + 9. Suppose 4*b - 12*w = -14*w + 1610, y*b = -w + 1613. List the prime factors of b.
2, 101
Let h = 521 - 474. Suppose -5*v + 27 = -2*v. Let k = h + v. List the prime factors of k.
2, 7
Suppose -59*s - 422196 + 1465552 = 0. List the prime factors of s.
2, 4421
Suppose 0 = 28*c - 14*c - 1232. Suppose -4*o + c = 4*u - 504, 4*o - 586 = -2*u. List the prime factors of o.
5, 29
Let y be 8/(-6) + (-64)/96. What are the prime factors of y/(-8)*-182*(2 + -14)?
2, 3, 7, 13
Suppose -4*u - 3*f - 2*f + 1275 = 0, 0 = u + 4*f - 305. Let h = u + -213. Let v = h + -6. What are the prime factors of v?
2, 53
Suppose 344*a = 336*a + 34184. What are the prime factors of a?
4273
Suppose 13*o - 2*o = 4532. Let m be 7*17/(-3 + 2). Let x = o + m. What are the prime factors of x?
293
Let q(h) = 3*h - 12. Let f be q(4). What are the prime factors of 3/(-2) + ((-876)/(-8) - f)?
2, 3
List the prime factors of 17 + (-1253104)/(-170) + 1*(-2)/10.
2, 1847
Let q(a) = 136*a**2 - a + 1. Let c be q(1). Let l be (8/(-10))/((-4)/(-410)). Let u = l + c. What are the prime factors of u?
2, 3
Suppose 10*l + 35 = -185. Let b(r) = 2*r**2 + 15*r - 15. What are the prime factors of b(l)?
7, 89
Let y(i) = 98*i**3 - 6*i**2 - 7*i - 4. Let l be y(-2). List the prime factors of -5*1*l/14.
3, 5, 19
Suppose 3*l = o + 26, -7*l + 36 = -2*o - 9*l. Let a be 7/((-28)/o) - 106. Let i = a + 107. What are the prime factors of i?
2, 3
Suppose 60951 = -15*a + 256101. List the prime factors of a.
2, 5, 1301
Let r be (4 - 14/21)/(4/6). What are the prime factors of 14*(r - -178)/3?
2, 7, 61
Let c = 16250 - 13334. List the prime factors of c.
2, 3
Let s(b) = -2*b**2 + 45*b - 31. Let i be s(22). Let q(j) = 2*j**2 - 13*j - 66. What are the prime factors of q(i)?
3, 71
Suppose -8*x + 11782 = -27026. What are the prime factors of x?
3, 7, 11
Let j(o) = 214*o**2 - 51*o + 93. What are the prime factors of j(7)?
2, 19, 269
Let o = -47 - -653. Let r = 695 + o. What are the prime factors of r?
1301
Let k(u) = -u**3 - 6*u**2 + u. Let p be k(-6). Let j(g) = -g**3 - 3*g**2 + 9*g + 4. List the prime factors of j(p).
2, 29
Let v be 81/18 + (-1)/2. Suppose y - 95 = -13*a + 11*a, -4*a - v*y = -200. List the prime factors of a.
3, 5
Let q(v) = v**3 + 4*v**2 - 4*v. Let h be (-1)/(-2)*(1 - 7). Let u be q(h). Suppose u*c - 3205 + 517 = 0. List the prime factors of c.
2
Let l(z) = 4*z**3 + z**2 - 2*z + 423. Suppose 0 = 4*s + 2*q - 2 + 12, -4*q - 20 = 0. What are the prime factors of l(s)?
3, 47
Suppose -3*l - 3*w = w - 11, -3*l + 4*w + 19 = 0. Suppose -b - 3*i = -29, -22*b + l*i = -26*b + 116. List the prime factors of b.
29
Suppose 24*j - 7*j - 4*j - 139906 = 0. What are the prime factors of j?
2, 5381
List the prime factors of ((-234)/7)/(440/(-3696)*(-1)/(-20)).
2, 3, 13
Suppose 5*t - 2*j + 4315 = 0, -3*t + 5*j = -t + 1726. Let c = -837 - t. What are the prime factors of c?
2, 13
Suppose -5*m = 3*k - 3 - 0, 5 = -m + 5*k. Suppose -2*b + 0*b + 236 = m. Suppose 0*r - b = -2*r. List the prime factors of r.
59
Suppose -60*s + 96 = -56*s. Let a be (s/(-15))/(18/(-675)). Suppose a*x - 59*x = 20. What are the prime factors of x?
2, 5
Let h(p) = 8*p**3 + 12*p**2 - 56*p + 509. What are the prime factors of h(17)?
7, 6047
Suppose 0 = 111*h - 127*h + 240624. What are the prime factors of h?
3, 557
What are the prime factors of ((-3192)/(-95) - 33)/(((-4)/84410)/(-2))?
3, 23, 367
Suppose -397 = 4*g + 1891. Let a = 854 + g. List the prime factors of a.
2, 3, 47
Let y(l) = l**3 + 24*l**2 - 9*l + 58. Let r(f) = 2*f**3 + 47*f**2 - 17*f + 116. Let t(p) = -4*r(p) + 7*y(p). List the prime factors of t(-22).
2, 5
Suppose 860779 = 166*k - 467832 - 937123. List the prime factors of k.
13649
Suppose 0 = 102*r + 80936 - 13610 - 839364. What are the prime factors of r?
3, 29
Let s = -166793 - -235758. List the prime factors of s.
5, 13, 1061
Suppose -2732 = -5*l + 3323. Let w = 2030 - l. List the prime factors of w.
3, 7, 13
Suppose 0 = -3*l + l - 3*q + 3, -l - 16 = -2*q. List the prime factors of 635 + (4/l - (-12)/(-36)).
2, 317
Suppose -2 = -d + 2*v, 2*d - 2*v = -6*v - 20. Let x(i) be the third derivative of -3*i**4/8 + 3*i**3 + i**2 - 13*i. What are the prime factors of x(d)?
2, 3
What are the prime factors of (2 + (-50)/12)/(15/(-32310))?
13, 359
Suppose -3*p - 12 = 0, -3*z + z = p + 12. What are the prime factors of (25100/(-40))/((-6)/z + -2)?
5, 251
Let k = 7913 - -791. List the prime factors of k.
2, 17
Suppose -v - 2*b - 12 = 0, v - b + 1 = -17. Let y be (-8 - -2)*8/v. Suppose 8*p - 465 = y*p. What are the prime factors of p?
3, 31
Let y(l) be the first derivative of 635*l**4/4 + l**3 - l**2/2 + 20. Let k be y(1). Suppose -6*o = -k - 311. What are the prime factors of o?
2, 79
Let q(l) = -13602*l + 1752. List the prime factors of q(-2).
2, 3, 19, 127
Let x(u) = -18*u. Let n be x(1). Let c = n - -275. What are the prime factors of c?
257
Suppose 0 = -5*m - 20, -6*t - m - 102 = -8*t. Suppose q = 3*f - 42, t = -18*f + 22*f + q. List the prime factors of f.
13
Let z(a) = 8*a**2 + 16*a - 15*a + 145 - 16*a - 15*a. List the prime factors of z(15).
5, 13, 23
Let x(f) = 35*f + 351. Let j be x(-10). List the prime factors of (-1 - 0)/(j/(-1403)).
23, 61
Let p(b) = -b**3 - 9